{"id":712,"date":"2025-01-15T03:13:18","date_gmt":"2025-01-15T06:13:18","guid":{"rendered":"https:\/\/posgraduacao.uea.edu.br\/ensinodeciencia\/?page_id=712"},"modified":"2026-04-23T10:14:24","modified_gmt":"2026-04-23T13:14:24","slug":"apresentacao","status":"publish","type":"page","link":"http:\/\/posgraduacao.uea.edu.br\/ensinodeciencia\/index.php\/apresentacao\/","title":{"rendered":"Apresenta\u00e7\u00e3o"},"content":{"rendered":"\n<div class=\"wp-block-stackable-spacer stk-block-spacer stk--no-padding stk-block stk-bf33017\" data-block-id=\"bf33017\"><style>.stk-bf33017 {height:0px !important;}@media screen and (max-width:999px){.stk-bf33017 {height:70px !important;}}<\/style><\/div>\n\n\n\n<div class=\"wp-block-stackable-columns stk-block-columns stk-block stk-eb090ea\" data-block-id=\"eb090ea\"><div class=\"stk-row stk-inner-blocks stk-block-content stk-content-align stk-eb090ea-column\">\n<div class=\"wp-block-stackable-column stk-block-column stk-column stk-block stk-17f2e65\" data-v=\"4\" data-block-id=\"17f2e65\"><div class=\"stk-column-wrapper stk-block-column__content stk-container stk-17f2e65-container stk--no-background stk--no-padding\"><div class=\"stk-block-content stk-inner-blocks stk-17f2e65-inner-blocks\">\n<div class=\"wp-block-stackable-heading stk-block-heading stk-block-heading--v2 stk-block stk-491776d\" id=\"apresentacao\" data-block-id=\"491776d\"><style>.stk-491776d .stk-block-heading__text{font-family:\"Agbalumo\", Sans-serif !important;}<\/style><h2 class=\"stk-block-heading__text\">Apresenta\u00e7\u00e3o<\/h2><\/div>\n\n\n\n<div class=\"wp-block-stackable-subtitle stk-block-subtitle stk-block stk-b0752aa\" data-block-id=\"b0752aa\"><style>.stk-b0752aa .stk-block-subtitle__text{font-size:18px !important;}@media screen and (max-width:999px){.stk-b0752aa .stk-block-subtitle__text{font-size:18px !important;}}<\/style><p class=\"stk-block-subtitle__text stk-subtitle\"><strong>Mestrado Acad\u00eamico em Educa\u00e7\u00e3o em Ci\u00eancias na Amaz\u00f4nia e o extinto Mestrado Profissional em Ensino de Ci\u00eancias na Amaz\u00f4nia &#8211; PPGEEC<\/strong><\/p><\/div>\n\n\n\n<div class=\"wp-block-stackable-text stk-block-text stk-block stk-8a1b865\" data-block-id=\"8a1b865\"><p class=\"stk-block-text__text has-text-align-justify\">O atual Mestrado Acad\u00eamico em Educa\u00e7\u00e3o em Ci\u00eancias na Amaz\u00f4nia tem sua hist\u00f3ria ligada ao extinto Mestrado em Ensino de Ci\u00eancias na Amaz\u00f4nia-PPGEEC, este aprovado pela Capes, em 2005, na modalidade profissional, cuja primeira turma iniciou em 2006 com 19 mestrandos. O mestrado foi criado exclusivamente por professores da UEA, o qual funcionou como Mestrado Profissional at\u00e9 2010, titulando um total de 72 mestres no per\u00edodo de 2006 a 2010. Na 114\u00aa Reuni\u00e3o do CTC-ES, em 2009, a Capes aprovou o Mestrado Acad\u00eamico Educa\u00e7\u00e3o em Ci\u00eancias (Portaria MEC n. 1.045, de 18 de agosto de 2010), o qual iniciou as atividades no ano de 2011 e foi inserido no Sistema Nacional de P\u00f3s-Gradua\u00e7\u00e3o &#8211; SNPG em 2012. No per\u00edodo de 2011 a 2019 o mestrado perfaz um total de 139 titulados. De 2020 a 2024 formou 68 mestres. Na avalia\u00e7\u00e3o quadrienal (2021-2024) obteve a nota 5 na \u00e1rea de Ensino. O mestrado possui uma \u00e1rea de concentra\u00e7\u00e3o e duas linhas de pesquisa.<\/p><\/div>\n\n\n\n<div class=\"wp-block-stackable-subtitle stk-block-subtitle stk-block stk-fa54806\" data-block-id=\"fa54806\"><style>.stk-fa54806 .stk-block-subtitle__text{font-size:18px !important;}@media screen and (max-width:999px){.stk-fa54806 .stk-block-subtitle__text{font-size:18px !important;}}<\/style><p class=\"stk-block-subtitle__text stk-subtitle\"><strong>Mestrado e Doutorado em Educa\u00e7\u00e3o em Ci\u00eancias na Amaz\u00f4nia Universidade do Estado do Amazonas-UEA<\/strong><\/p><\/div>\n\n\n\n<div class=\"wp-block-stackable-text stk-block-text stk-block stk-c462336\" data-block-id=\"c462336\"><p class=\"stk-block-text__text has-text-align-justify\">\u00c9 reconhecido pela CAPES e se constitui em um espa\u00e7o acad\u00eamico de reflex\u00f5es sobre o Ensino de Ci\u00eancias na Amaz\u00f4nia, especialmente sobre a educa\u00e7\u00e3o em Ci\u00eancias na Amaz\u00f4nia, propondo-se a formar profissionais para integrar quadros docentes de Institui\u00e7\u00f5es de Ensino Superior da Regi\u00e3o Amaz\u00f4nica, construindo quadros pr\u00f3prios especializados, qualificando-os para o desenvolvimento de pesquisa, inclusive com seus alunos de gradua\u00e7\u00e3o, a fim de estimular essa atividade desde o in\u00edcio do curso de licenciatura, em especial aos docentes que atuam nas licenciaturas, concorrendo, assim, para mudan\u00e7as de patamar na qualidade do ensino e da pesquisa na Regi\u00e3o Amaz\u00f4nica. Em 2025, s\u00e3o 86 os mestrandos em processo de forma\u00e7\u00e3o \u2013 19 em fase de defesa de disserta\u00e7\u00e3o (turma 2023), 29 em fase de qualifica\u00e7\u00e3o (turma 2024) e 38 matriculados que iniciar\u00e1 cursando disciplinas obrigat\u00f3rias (turma 2025).<\/p><\/div>\n\n\n\n<div class=\"wp-block-stackable-text stk-block-text stk-block stk-2e2b814\" data-block-id=\"2e2b814\"><p class=\"stk-block-text__text\">o PPGEEC aprovou o curso de <strong>Doutorado<\/strong> em Educa\u00e7\u00e3o em Ci\u00eancias na Amaz\u00f4nia e a primeira turma teve in\u00edcio no 2\u00ba semestre de 2025.<\/p><\/div>\n\n\n\n<p><strong>Objetivos<\/strong>:<\/p>\n\n\n\n<div class=\"wp-block-stackable-text stk-block-text stk-block stk-73b4049\" data-block-id=\"73b4049\"><style>.stk-73b4049 .stk-block-text__text{color:#000000 !important;}<\/style><p class=\"stk-block-text__text has-text-color has-text-align-justify\">I. Formar docentes pesquisadores, em n\u00edvel de mestre ou doutor, na \u00e1rea de Ensino, tanto em termos te\u00f3ricos quanto did\u00e1tico-metodol\u00f3gicos de pesquisa, para atua\u00e7\u00e3o no ensino e na produ\u00e7\u00e3o de conhecimentos, dando \u00eanfase \u00e0s quest\u00f5es da Amaz\u00f4nia.<br>II. Contribuir efetivamente para a forma\u00e7\u00e3o dos formadores de professores que atuam nas licenciaturas em Ci\u00eancias Naturais, Qu\u00edmica, F\u00edsica, Ci\u00eancias Biol\u00f3gicas, Matem\u00e1tica, Pedagogia e \u00e1reas afins. Considerando os questionamentos a respeito da necessidade de investimento em um processo formativo que busque a caracteriza\u00e7\u00e3o do ensino de Ci\u00eancias por um vi\u00e9s mais acad\u00eamico, cujo foco prioriza n\u00e3o somente a gera\u00e7\u00e3o de processos e produtos para otimiza\u00e7\u00e3o do ensino, mas tamb\u00e9m o redimensionamento da ci\u00eancia para al\u00e9m do ensino, a partir da busca de consolida\u00e7\u00e3o da interface educa\u00e7\u00e3o-ci\u00eancia, adotando como eixo mediador a constru\u00e7\u00e3o de uma cidadania que, efetivamente, seja para a vida.<\/p><\/div>\n\n\n\n<div class=\"wp-block-stackable-subtitle stk-block-subtitle stk-block stk-ba33567\" data-block-id=\"ba33567\"><style>.stk-ba33567 .stk-block-subtitle__text{font-size:18px !important;}@media screen and (max-width:999px){.stk-ba33567 .stk-block-subtitle__text{font-size:18px !important;}}<\/style><p class=\"stk-block-subtitle__text stk-subtitle\"><strong>Mestre  e Doutor em Educa\u00e7\u00e3o em Ci\u00eancias, p\u00f3s-graduado da UEA<\/strong><\/p><\/div>\n\n\n\n<div class=\"wp-block-stackable-text stk-block-text stk-block stk-e097c99\" data-block-id=\"e097c99\"><p class=\"stk-block-text__text has-text-align-justify\">\u00c9 o profissional que contribui para a melhoria do Ensino de Ci\u00eancias na Amaz\u00f4nia, a partir de uma das duas vertentes: desenvolvendo estudos sobre situa\u00e7\u00f5es relacionadas ao processo de forma\u00e7\u00e3o de professores de Ci\u00eancias; avaliando, elaborando, implantando e implementando meios e recursos did\u00e1tico-pedag\u00f3gicos centrados no ensino de Ci\u00eancias Naturais, de Biologia, de Matem\u00e1tica, de Qu\u00edmica e de F\u00edsica.<br>Atualmente o programa tem 10 (dez) grupos de pesquisa atuantes, os quais s\u00e3o liderados pelos docentes do Programa.<\/p><\/div>\n\n\n\n<div class=\"wp-block-stackable-heading stk-block-heading stk-block-heading--v2 stk-block stk-9c5e44c\" id=\"area-de-concentracao\" data-block-id=\"9c5e44c\"><style>.stk-9c5e44c .stk-block-heading__text{font-family:\"Agbalumo\", Sans-serif !important;}<\/style><h2 class=\"stk-block-heading__text\">\u00c1rea de concentra\u00e7\u00e3o<\/h2><\/div>\n\n\n\n<div class=\"wp-block-stackable-text stk-block-text stk-block stk-ade85d8\" data-block-id=\"ade85d8\"><p class=\"stk-block-text__text has-text-align-justify\">A \u00e1rea de concentra\u00e7\u00e3o \u00e9 o ensino de ci\u00eancias e investiga tem\u00e1ticas do universo curricular, os processos cognitivos, afetivos e motivacionais envolvidos no processo educativo e os princ\u00edpios da forma\u00e7\u00e3o inicial e continuada do professor, a partir da articula\u00e7\u00e3o com a pr\u00e1xis pedag\u00f3gica escolar. Pesquisa ainda os contextos de justifica\u00e7\u00e3o das teorias cient\u00edficas e as quest\u00f5es metodol\u00f3gicas do desenvolvimento da ci\u00eancia, as alternativas n\u00e3o formais de ensino e de aprendizagem de ci\u00eancias e a divulga\u00e7\u00e3o do conhecimento cient\u00edfico a partir de diferentes suportes.<\/p><\/div>\n\n\n\n<div class=\"wp-block-stackable-icon-box stk-block-icon-box stk-block stk-7ce1cb6\" data-v=\"2\" data-block-id=\"7ce1cb6\"><div class=\"stk-block-content stk-inner-blocks stk-block-icon-box__content stk-container stk-7ce1cb6-container stk--no-background stk--no-padding\">\n<div class=\"wp-block-stackable-icon-label stk-block-icon-label stk-block stk-5b5647a\" data-block-id=\"5b5647a\"><style>.stk-5b5647a {margin-bottom:0px !important;}<\/style><div class=\"stk-row stk-inner-blocks stk-block-content\">\n<div class=\"wp-block-stackable-icon stk-block-icon stk-block stk-6fdef8f\" data-block-id=\"6fdef8f\"><style>.stk-6fdef8f .stk--svg-wrapper .stk--inner-svg svg:last-child, .stk-6fdef8f .stk--svg-wrapper .stk--inner-svg svg:last-child :is(g, path, rect, polygon, ellipse){fill:#fdf254 !important;}<\/style><span class=\"stk--svg-wrapper\"><div class=\"stk--inner-svg\"><svg style=\"height:0;width:0\"><defs><linearGradient id=\"linear-gradient-6fdef8f\" x1=\"0\" x2=\"100%\" y1=\"0\" y2=\"0\"><stop offset=\"0%\" style=\"stop-opacity:1;stop-color:var(--linear-gradient-6-fdef-8-f-color-1)\"><\/stop><stop offset=\"100%\" style=\"stop-opacity:1;stop-color:var(--linear-gradient-6-fdef-8-f-color-2)\"><\/stop><\/linearGradient><\/defs><\/svg><svg data-prefix=\"fa\" data-icon=\"star\" class=\"svg-inline--fa fa-star fa-w-18\" xmlns=\"http:\/\/www.w3.org\/2000\/svg\" viewBox=\"0 0 576 512\" aria-hidden=\"true\" width=\"32\" height=\"32\"><path fill=\"currentColor\" d=\"M259.3 17.8L194 150.2 47.9 171.5c-26.2 3.8-36.7 36.1-17.7 54.6l105.7 103-25 145.5c-4.5 26.3 23.2 46 46.4 33.7L288 439.6l130.7 68.7c23.2 12.2 50.9-7.4 46.4-33.7l-25-145.5 105.7-103c19-18.5 8.5-50.8-17.7-54.6L382 150.2 316.7 17.8c-11.7-23.6-45.6-23.9-57.4 0z\"><\/path><\/svg><\/div><\/span><\/div>\n\n\n\n<div class=\"wp-block-stackable-heading stk-block-heading stk-block-heading--v2 stk-block stk-9b485c1\" id=\"nota-5-na-capes-br\" data-block-id=\"9b485c1\"><h4 class=\"stk-block-heading__text\">Nota 5 na CAPES<br><\/h4><\/div>\n<\/div><\/div>\n<\/div><\/div>\n<\/div><\/div><\/div>\n<\/div><\/div>\n\n\n\n<div class=\"wp-block-stackable-text stk-block-text stk-block stk-34f97cb\" data-block-id=\"34f97cb\"><p class=\"stk-block-text__text has-text-align-left\">Acesse o resultado do quadrienal 2021-2024: <a href=\"https:\/\/app.powerbi.com\/view?r=eyJrIjoiOTZkYWM5M2UtZDAyZS00OGY3LWFmM2ItNDIwOGQxMDc1ZTQ0IiwidCI6IjJmNGRlYmI4LTY0M2EtNGRiZS05MjdiLTllNTYyZWY3MDBiOSJ9&amp;pageName=ReportSection31d10fca03d1e4f2190f\" target=\"_blank\" rel=\"noreferrer noopener\">https:\/\/app.powerbi.com\/viewr=eyJrIjoiOTZkYWM5M2UtZDAyZS00OGY3LWFmM2ItNDIwOGQxMDc1ZTQ0IiwidCI6IjJmNGRlYmI4LTY0M2EtNGRiZS05MjdiLTllNTYyZWY3MDBiOSJ9&amp;pageName=ReportSection31d10fca03d1e4f2190f<\/a><\/p><\/div>\n\n\n\n<div class=\"wp-block-stackable-columns alignfull stk-block-columns stk-block stk-80ce3af stk-block-background stk--has-background-overlay\" data-block-id=\"80ce3af\"><style>.stk-80ce3af {background-color:linear-gradient(180deg, #ffffff 50%, var(--theme-palette-color-4, #102136) 50%) !important;margin-bottom:0px !important;}.stk-80ce3af:before{background-image:linear-gradient(180deg, #ffffff 50%, var(--theme-palette-color-4, #102136) 50%) !important;}@media screen and (max-width:689px){.stk-80ce3af .stk--block-align-80ce3af{align-items:flex-start !important;}.stk-80ce3af {padding-top:0px !important;padding-right:0px !important;padding-bottom:0px !important;padding-left:0px !important;}.stk-80ce3af-column{max-width:1500px !important;min-width:auto !important;margin-right:auto !important;margin-left:auto !important;}}<\/style><div class=\"stk-row stk-inner-blocks stk--block-align-80ce3af stk-block-content stk-content-align stk-80ce3af-column\">\n<div class=\"wp-block-stackable-column stk-block-column stk-column stk-block stk-6ddbaf2 stk-block-background stk--has-background-overlay\" data-v=\"4\" data-block-id=\"6ddbaf2\"><style>.stk-6ddbaf2-container{margin-top:0px !important;margin-right:0px !important;margin-bottom:0px !important;margin-left:0px !important;}.stk-6ddbaf2 {background-image:url(http:\/\/posgraduacao.uea.edu.br\/ensinodeciencia\/wp-content\/uploads\/2020\/08\/campaign-creators-qCi_MzVODoU-unsplash.jpg) !important;border-radius:10px !important;overflow:hidden !important;padding-top:100px !important;padding-right:80px !important;padding-bottom:100px !important;padding-left:80px !important;}@media screen and (max-width:999px){.stk-6ddbaf2 {padding-top:80px !important;padding-right:150px !important;padding-bottom:80px !important;padding-left:150px !important;}}@media screen and (max-width:689px){.stk-6ddbaf2 {padding-top:60px !important;padding-right:50px !important;padding-bottom:60px !important;padding-left:50px !important;}}<\/style><div class=\"stk-column-wrapper stk-block-column__content stk-container stk-6ddbaf2-container stk--no-background stk--no-padding\"><div class=\"has-text-align-center stk-block-content stk-inner-blocks stk-6ddbaf2-inner-blocks\">\n<div class=\"wp-block-stackable-heading aligncenter stk-block-heading stk-block-heading--v2 stk-block stk-8054442\" id=\"programa-de-pos-graduacao-em-educacao-em-ciencias-na-amazonia\" data-block-id=\"8054442\"><style>.stk-8054442 {margin-bottom:10px !important;}.stk-8054442 .stk-block-heading__text{color:var(--theme-palette-color-8, #ffffff) !important;font-weight:200 !important;font-family:\"Montserrat\", Sans-serif !important;}@media screen and (max-width:999px){.stk-8054442 .stk-block-heading__text{font-size:20px !important;}}@media screen and (max-width:689px){.stk-8054442 .stk-block-heading__text{font-size:10px !important;}}<\/style><h2 class=\"stk-block-heading__text has-text-color stk-block-heading--use-theme-margins\">Programa de P\u00f3s-Gradua\u00e7\u00e3o em Educa\u00e7\u00e3o em Ci\u00eancias na Amaz\u00f4nia<\/h2><\/div>\n\n\n\n<div class=\"wp-block-stackable-button-group stk-block-button-group stk-block stk-cc4a772\" data-block-id=\"cc4a772\"><div class=\"stk-row stk-inner-blocks stk-block-content stk-button-group\">\n<div class=\"wp-block-stackable-button stk-block-button stk-block stk-f63b751\" data-block-id=\"f63b751\"><style>.stk-f63b751 .stk-button{padding-top:12px !important;padding-right:30px !important;padding-bottom:12px !important;padding-left:30px !important;}@media screen and (max-width:689px){.stk-f63b751 .stk-button__inner-text{font-size:10px !important;}}<\/style><a class=\"stk-link stk-button stk--hover-effect-darken\" href=\"https:\/\/posgraduacao.uea.edu.br\/ensinodeciencia\/index.php\/contato\/\"><span class=\"stk-button__inner-text\">Fale Conosco<\/span><\/a><\/div>\n<\/div><\/div>\n<\/div><\/div><\/div>\n<\/div><\/div>\n","protected":false},"excerpt":{"rendered":"<p>Apresenta\u00e7\u00e3o Mestrado Acad\u00eamico em Educa\u00e7\u00e3o em Ci\u00eancias na Amaz\u00f4nia e o extinto Mestrado Profissional em Ensino de Ci\u00eancias na Amaz\u00f4nia &#8211; PPGEEC O atual Mestrado Acad\u00eamico em Educa\u00e7\u00e3o em Ci\u00eancias na Amaz\u00f4nia tem sua hist\u00f3ria ligada ao extinto Mestrado em Ensino de Ci\u00eancias na Amaz\u00f4nia-PPGEEC, este aprovado pela Capes, em 2005, na modalidade profissional, cuja [&hellip;]<\/p>\n","protected":false},"author":1,"featured_media":1366,"parent":0,"menu_order":0,"comment_status":"closed","ping_status":"closed","template":"","meta":{"footnotes":""},"class_list":["post-712","page","type-page","status-publish","has-post-thumbnail","hentry"],"blocksy_meta":{"page_title_panel":"","has_hero_section":"enabled","fe1c64ab89945cda534f4bb2d579ae1a":"","hero_section":"type-2","hero_elements":[{"id":"custom_title","enabled":true,"heading_tag":"h1","title":"Home","__id":"g3eoN2PvqxzGmoaBRzyAR"},{"id":"custom_description","enabled":false,"description_visibility":{"desktop":true,"tablet":true,"mobile":true},"__id":"CSACVNpWVIgWnX6n6_WxE"},{"id":"custom_meta","enabled":false,"meta_elements":[{"id":"author","enabled":true,"label":"By","has_author_avatar":"yes","avatar_size":25},{"id":"post_date","enabled":true,"label":"On","date_format_source":"default","date_format":"M j, Y"},{"id":"updated_date","enabled":false,"label":"On","date_format_source":"default","date_format":"M j, Y"},{"id":"categories","enabled":false,"label":"In","style":"simple"},{"id":"comments","enabled":true}],"page_meta_elements":{"joined":true,"articles_count":true,"comments":true},"__id":"gq4dzvq4mgAPXdpQF3GWK"},{"id":"breadcrumbs","enabled":false,"__id":"LP9nakuT0XNmBdHp481My"},{"id":"content-block","enabled":false,"__id":"o8PMv5EDYHRnBdjgjUAVb"}],"433b02732bec8d55ec282f00a9a700eb":"","hero_alignment1":"CT_CSS_SKIP_RULE","hero_margin":"0","hero_alignment2":"center","hero_vertical_alignment":"center","fdbb34d69d6afe2394c07d96c9ea0b60":"","hero_structure":"normal","cb306aece5e91b9a44875e4a81075440":"","page_title_bg_type":"custom_image","custom_hero_background":{"attachment_id":1405,"url":"http:\/\/posgraduacao.uea.edu.br\/ensinodeciencia\/wp-content\/uploads\/2025\/03\/ilustracoes-site-Post-para-Twitter-2-1024x576.png"},"page_title_image_size":"full","parallax":{"desktop":false,"tablet":false,"mobile":false},"034bc954f3c533bc75ffdf62670c8395":"","hero_height":"0px","pageTitleFont":{"family":"Default","variation":"Default","size":"30px","line-height":"CT_CSS_SKIP_RULE","letter-spacing":"CT_CSS_SKIP_RULE","text-transform":"CT_CSS_SKIP_RULE","text-decoration":"CT_CSS_SKIP_RULE"},"pageTitleFontColor":{"default":{"color":"var(--theme-palette-color-8)"}},"pageMetaFont":{"family":"Default","variation":"n6","size":"12px","line-height":"1.3","letter-spacing":"CT_CSS_SKIP_RULE","text-transform":"uppercase","text-decoration":"CT_CSS_SKIP_RULE"},"pageMetaFontColor":{"default":{"color":"CT_CSS_SKIP_RULEDEFAULT"},"hover":{"color":"CT_CSS_SKIP_RULEDEFAULT"}},"page_meta_button_type_font_colors":{"default":{"color":"CT_CSS_SKIP_RULEDEFAULT"},"hover":{"color":"CT_CSS_SKIP_RULEDEFAULT"}},"page_meta_button_type_background_colors":{"default":{"color":"CT_CSS_SKIP_RULEDEFAULT"},"hover":{"color":"CT_CSS_SKIP_RULEDEFAULT"}},"pageExcerptFont":{"family":"Default","variation":"Default","size":"CT_CSS_SKIP_RULE","line-height":"CT_CSS_SKIP_RULE","letter-spacing":"CT_CSS_SKIP_RULE","text-transform":"CT_CSS_SKIP_RULE","text-decoration":"CT_CSS_SKIP_RULE"},"pageExcerptColor":{"default":{"color":"var(--theme-palette-color-8)"}},"breadcrumbsFont":{"family":"Default","variation":"Default","size":"CT_CSS_SKIP_RULE","line-height":"CT_CSS_SKIP_RULE","letter-spacing":"CT_CSS_SKIP_RULE","text-transform":"CT_CSS_SKIP_RULE","text-decoration":"CT_CSS_SKIP_RULE"},"breadcrumbsFontColor":{"default":{"color":"CT_CSS_SKIP_RULEDEFAULT"},"initial":{"color":"CT_CSS_SKIP_RULEDEFAULT"},"hover":{"color":"CT_CSS_SKIP_RULEDEFAULT"}},"pageTitleOverlay":{"background_type":"color","background_pattern":"type-1","background_image":{"attachment_id":null,"x":0,"y":0},"gradient":"linear-gradient(135deg,rgba(6,147,227,1) 0%,rgb(155,81,224) 100%)","background_repeat":"repeat","background_size":"auto","background_attachment":"scroll","patternColor":{"default":{"color":"#e5e7ea"}},"overlayColor":{"default":{"color":"CT_CSS_SKIP_RULE"}},"backgroundColor":{"default":{"color":"rgba(25, 43, 38, 0.84)"}}},"pageTitleBackground":{"background_type":"color","background_pattern":"type-1","background_image":{"attachment_id":null,"x":0,"y":0},"gradient":"linear-gradient(135deg,rgba(6,147,227,1) 0%,rgb(155,81,224) 100%)","background_repeat":"repeat","background_size":"auto","background_attachment":"scroll","patternColor":{"default":{"color":"#e5e7ea"}},"overlayColor":{"default":{"color":"CT_CSS_SKIP_RULE"}},"backgroundColor":{"default":{"color":"var(--theme-palette-color-6)"}}},"pageTitlePadding":{"top":"50px","bottom":"50px","left":"auto","right":"auto","linked":true},"12e455f30de1d15aed0effbbb6f951bf":"","page_structure_type":"type-4","f474d2f3ad69b4e64f52dac0a3aa2bb2":"","content_style_source":"custom","content_style":"wide","vertical_spacing_source":"inherit","content_area_spacing":"both","background":{"background_type":"color","background_pattern":"type-1","background_image":{"attachment_id":null,"x":0,"y":0},"gradient":"linear-gradient(135deg,rgba(6,147,227,1) 0%,rgb(155,81,224) 100%)","background_repeat":"repeat","background_size":"auto","background_attachment":"scroll","patternColor":{"default":{"color":"#e5e7ea"}},"overlayColor":{"default":{"color":"CT_CSS_SKIP_RULE"}},"backgroundColor":{"default":{"color":"#ffffff"}}},"content_background":{"background_type":"color","background_pattern":"type-1","background_image":{"attachment_id":null,"x":0,"y":0},"gradient":"linear-gradient(135deg,rgba(6,147,227,1) 0%,rgb(155,81,224) 100%)","background_repeat":"repeat","background_size":"auto","background_attachment":"scroll","patternColor":{"default":{"color":"#e5e7ea"}},"overlayColor":{"default":{"color":"CT_CSS_SKIP_RULE"}},"backgroundColor":{"default":{"color":"var(--theme-palette-color-8)"}}},"content_boxed_shadow":{"inherit":false,"blur":18,"spread":-6,"v_offset":12,"h_offset":0,"inset":false,"enable":true,"color":{"color":"rgba(34, 56, 101, 0.04)"}},"content_boxed_border":{"width":1,"style":"none","color":{"color":"rgba(44,62,80,0.2)"}},"content_boxed_radius":{"top":"3px","bottom":"3px","left":"3px","right":"3px","linked":true},"boxed_content_spacing":{"desktop":{"top":"40px","bottom":"40px","left":"40px","right":"40px","linked":true},"tablet":{"top":"35px","bottom":"35px","left":"35px","right":"35px","linked":true},"mobile":{"top":"20px","bottom":"20px","left":"20px","right":"20px","linked":true}},"fca9f1d1c7aa58a4b21dd78357f6373e":"","disable_featured_image":"no","disable_share_box":"no","disable_header":"no","disable_footer":"no","styles_descriptor":{"styles":{"desktop":"[data-prefix=\"single_page\"] .entry-header .page-title {--theme-font-size:30px;--theme-heading-color:var(--theme-palette-color-8);} [data-prefix=\"single_page\"] .entry-header .entry-meta {--theme-font-weight:600;--theme-text-transform:uppercase;--theme-font-size:12px;--theme-line-height:1.3;} [data-prefix=\"single_page\"] .entry-header .page-description {--theme-text-color:var(--theme-palette-color-8);} [data-prefix=\"single_page\"] .hero-section[data-type=\"type-2\"] {--min-height:0px;background-color:var(--theme-palette-color-6);background-image:none;--container-padding:50px 0;} [data-prefix=\"single_page\"] .hero-section[data-type=\"type-2\"] > figure .ct-media-container:after {background-color:rgba(25, 43, 38, 0.84);} [data-prefix=\"single_page\"] {background-color:#ffffff;background-image:none;} [data-prefix=\"single_page\"] [class*=\"ct-container\"] > article[class*=\"post\"] {--has-boxed:var(--false);--has-wide:var(--true);}","tablet":"","mobile":""},"google_fonts":[],"version":6}},"_links":{"self":[{"href":"http:\/\/posgraduacao.uea.edu.br\/ensinodeciencia\/index.php\/wp-json\/wp\/v2\/pages\/712","targetHints":{"allow":["GET"]}}],"collection":[{"href":"http:\/\/posgraduacao.uea.edu.br\/ensinodeciencia\/index.php\/wp-json\/wp\/v2\/pages"}],"about":[{"href":"http:\/\/posgraduacao.uea.edu.br\/ensinodeciencia\/index.php\/wp-json\/wp\/v2\/types\/page"}],"author":[{"embeddable":true,"href":"http:\/\/posgraduacao.uea.edu.br\/ensinodeciencia\/index.php\/wp-json\/wp\/v2\/users\/1"}],"replies":[{"embeddable":true,"href":"http:\/\/posgraduacao.uea.edu.br\/ensinodeciencia\/index.php\/wp-json\/wp\/v2\/comments?post=712"}],"version-history":[{"count":37,"href":"http:\/\/posgraduacao.uea.edu.br\/ensinodeciencia\/index.php\/wp-json\/wp\/v2\/pages\/712\/revisions"}],"predecessor-version":[{"id":3432,"href":"http:\/\/posgraduacao.uea.edu.br\/ensinodeciencia\/index.php\/wp-json\/wp\/v2\/pages\/712\/revisions\/3432"}],"wp:featuredmedia":[{"embeddable":true,"href":"http:\/\/posgraduacao.uea.edu.br\/ensinodeciencia\/index.php\/wp-json\/wp\/v2\/media\/1366"}],"wp:attachment":[{"href":"http:\/\/posgraduacao.uea.edu.br\/ensinodeciencia\/index.php\/wp-json\/wp\/v2\/media?parent=712"}],"curies":[{"name":"wp","href":"https:\/\/api.w.org\/{rel}","templated":true}]}}