{"id":1074,"date":"2025-01-17T05:37:23","date_gmt":"2025-01-17T09:37:23","guid":{"rendered":"https:\/\/posgraduacao.uea.edu.br\/segurancapublica\/?page_id=1074"},"modified":"2025-08-15T17:26:43","modified_gmt":"2025-08-15T21:26:43","slug":"autoavaliacao","status":"publish","type":"page","link":"https:\/\/posgraduacao.uea.edu.br\/segurancapublica\/index.php\/autoavaliacao\/","title":{"rendered":"Autoavalia\u00e7\u00e3o"},"content":{"rendered":"\n<div class=\"wp-block-stackable-columns alignfull stk-block-columns stk-block stk-51b2b12 stk-block-background stk--has-background-overlay\" data-block-id=\"51b2b12\"><style>.stk-51b2b12 .stk--block-align-51b2b12{align-items:center !important;}.stk-51b2b12 {background-color:linear-gradient(90deg,rgb(17,76,125) 7%,rgb(143,196,107) 100%) !important;background-image:url(http:\/\/posgraduacao.uea.edu.br\/segurancapublica\/wp-content\/uploads\/2025\/01\/Design-sem-nome_20250128_002318_0000.png) !important;background-position:bottom center !important;background-repeat:no-repeat !important;background-size:cover !important;min-height:0px !important;padding-top:150px !important;padding-right:150px !important;padding-bottom:150px !important;padding-left:150px !important;}.stk-51b2b12:before{opacity:0.5 !important;background-image:linear-gradient(90deg,rgb(17,76,125) 7%,rgb(143,196,107) 100%) !important;}.stk-51b2b12-column{--stk-column-gap:35px !important;row-gap:35px !important;}@media screen and (max-width:999px){.stk-51b2b12 {padding-top:250px !important;padding-bottom:150px !important;}}@media screen and (max-width:689px){.stk-51b2b12 {padding-top:150px !important;padding-bottom:100px !important;}}<\/style><div class=\"stk-row stk-inner-blocks stk--block-align-51b2b12 stk-block-content stk-content-align stk-51b2b12-column\">\n<div class=\"wp-block-stackable-column stk-block-column stk-column stk-block stk-3a43e6b\" data-v=\"4\" data-block-id=\"3a43e6b\"><style>.stk-3a43e6b-container{margin-top:0px !important;margin-right:0px !important;margin-bottom:0px !important;margin-left:0px !important;}<\/style><div class=\"stk-column-wrapper stk-block-column__content stk-container stk-3a43e6b-container stk--no-background stk--no-padding\"><div class=\"has-text-align-center-mobile stk-block-content stk-inner-blocks stk-3a43e6b-inner-blocks\">\n<div class=\"wp-block-stackable-heading stk-block-heading stk-block-heading--v2 stk-block stk-7225c59\" id=\"autoavaliacao\" data-block-id=\"7225c59\"><style>.stk-7225c59 {max-width:1500px !important;min-width:auto !important;}.stk-7225c59 .stk-block-heading__text{font-size:45px !important;color:var(--theme-palette-color-8, #ffffff) !important;line-height:1.3em !important;font-weight:800 !important;}@media screen and (max-width:999px){.stk-7225c59 .stk-block-heading__text{font-size:40px !important;}}@media screen and (max-width:689px){.stk-7225c59 .stk-block-heading__text{font-size:30px !important;}}<\/style><h2 class=\"stk-block-heading__text has-text-color has-text-align-center\">Autoavalia\u00e7\u00e3o<\/h2><\/div>\n<\/div><\/div><\/div>\n<\/div><\/div>\n\n\n\n<div class=\"wp-block-stackable-spacer stk-block-spacer stk--no-padding stk-block stk-b2c1613\" data-block-id=\"b2c1613\"><style>.stk-b2c1613 {height:37px !important;}@media screen and (max-width:999px){.stk-b2c1613 {height:70px !important;}}<\/style><\/div>\n\n\n\n<div class=\"wp-block-stackable-columns stk-block-columns stk-block stk-fe840e0\" data-block-id=\"fe840e0\"><div class=\"stk-row stk-inner-blocks stk-block-content stk-content-align stk-fe840e0-column\">\n<div class=\"wp-block-stackable-column stk-block-column stk-column stk-block stk-70ddaea\" data-v=\"4\" data-block-id=\"70ddaea\"><div class=\"stk-column-wrapper stk-block-column__content stk-container stk-70ddaea-container stk--no-background stk--no-padding\"><div class=\"stk-block-content stk-inner-blocks stk-70ddaea-inner-blocks\">\n<div class=\"wp-block-stackable-heading stk-block-heading stk-block-heading--v2 stk-block stk-716fa57\" id=\"seminario-de-autoavaliacao-2024\" data-block-id=\"716fa57\"><h2 class=\"stk-block-heading__text\">SEMIN\u00c1RIO DE AUTOAVALIA\u00c7\u00c3O &#8211; 2024<\/h2><\/div>\n\n\n\n<div class=\"wp-block-stackable-text stk-block-text stk-block stk-2c4f838\" data-block-id=\"2c4f838\"><style>.stk-2c4f838 {margin-bottom:0px !important;}<\/style><p class=\"stk-block-text__text\">O Semin\u00e1rio de Autoavalia\u00e7\u00e3o \u00e9 fundamental para os Programas de P\u00f3s-Gradua\u00e7\u00e3o (PPGs) porque proporciona um espa\u00e7o de reflex\u00e3o cr\u00edtica e coletiva sobre o desempenho, as pr\u00e1ticas acad\u00eamicas e os resultados obtidos ao longo do tempo.<\/p><\/div>\n\n\n\n<p>O PPGSP realizou o seu 1\u00ba Semin\u00e1rio de AA em 12\/12\/2024 e contou com a participa\u00e7\u00e3o de docentes, discentes, egressos, t\u00e9cnicos administrativos e membro externo, para apresenta\u00e7\u00e3o dos Resultados da Autoavalia\u00e7\u00e3o realizada junto \u00e0 comunidade aio longo do ano.<\/p>\n\n\n\n<div class=\"wp-block-stackable-columns stk-block-columns stk-block stk-5f3c466\" data-block-id=\"5f3c466\"><div class=\"stk-row stk-inner-blocks stk-block-content stk-content-align stk-5f3c466-column\">\n<div class=\"wp-block-stackable-column stk-block-column stk-column stk-block stk-0e20b4d\" data-v=\"4\" data-block-id=\"0e20b4d\"><div class=\"stk-column-wrapper stk-block-column__content stk-container stk-0e20b4d-container stk--no-background stk--no-padding\"><div class=\"stk-block-content stk-inner-blocks stk-0e20b4d-inner-blocks\">\n<div class=\"wp-block-stackable-image stk-block-image stk-block stk-81e952e\" data-block-id=\"81e952e\"><figure><span class=\"stk-img-wrapper stk-image--shape-stretch\"><img loading=\"lazy\" decoding=\"async\" class=\"stk-img wp-image-1440\" src=\"http:\/\/posgraduacao.uea.edu.br\/segurancapublica\/wp-content\/uploads\/2025\/06\/18-4.jpg\" width=\"1280\" height=\"960\" srcset=\"https:\/\/posgraduacao.uea.edu.br\/segurancapublica\/wp-content\/uploads\/2025\/06\/18-4.jpg 1280w, https:\/\/posgraduacao.uea.edu.br\/segurancapublica\/wp-content\/uploads\/2025\/06\/18-4-300x225.jpg 300w, https:\/\/posgraduacao.uea.edu.br\/segurancapublica\/wp-content\/uploads\/2025\/06\/18-4-1024x768.jpg 1024w, https:\/\/posgraduacao.uea.edu.br\/segurancapublica\/wp-content\/uploads\/2025\/06\/18-4-768x576.jpg 768w\" sizes=\"auto, (max-width: 1280px) 100vw, 1280px\" \/><\/span><\/figure><\/div>\n<\/div><\/div><\/div>\n\n\n\n<div class=\"wp-block-stackable-column stk-block-column stk-column stk-block stk-84f3c8f\" data-v=\"4\" data-block-id=\"84f3c8f\"><div class=\"stk-column-wrapper stk-block-column__content stk-container stk-84f3c8f-container stk--no-background stk--no-padding\"><div class=\"stk-block-content stk-inner-blocks stk-84f3c8f-inner-blocks\">\n<div class=\"wp-block-stackable-image stk-block-image stk-block stk-29fb773\" data-block-id=\"29fb773\"><figure><span class=\"stk-img-wrapper stk-image--shape-stretch\"><img loading=\"lazy\" decoding=\"async\" class=\"stk-img wp-image-1441\" src=\"http:\/\/posgraduacao.uea.edu.br\/segurancapublica\/wp-content\/uploads\/2025\/06\/18-2.jpg\" width=\"1280\" height=\"960\" srcset=\"https:\/\/posgraduacao.uea.edu.br\/segurancapublica\/wp-content\/uploads\/2025\/06\/18-2.jpg 1280w, https:\/\/posgraduacao.uea.edu.br\/segurancapublica\/wp-content\/uploads\/2025\/06\/18-2-300x225.jpg 300w, https:\/\/posgraduacao.uea.edu.br\/segurancapublica\/wp-content\/uploads\/2025\/06\/18-2-1024x768.jpg 1024w, https:\/\/posgraduacao.uea.edu.br\/segurancapublica\/wp-content\/uploads\/2025\/06\/18-2-768x576.jpg 768w\" sizes=\"auto, (max-width: 1280px) 100vw, 1280px\" \/><\/span><\/figure><\/div>\n<\/div><\/div><\/div>\n<\/div><\/div>\n\n\n\n<div class=\"wp-block-stackable-text stk-block-text stk-block stk-00e43cb\" data-block-id=\"00e43cb\"><p class=\"stk-block-text__text\"><\/p><\/div>\n\n\n\n<div class=\"wp-block-stackable-button-group stk-block-button-group stk-block stk-3cb189f\" data-block-id=\"3cb189f\"><div class=\"stk-row stk-inner-blocks stk-block-content stk-button-group\">\n<div class=\"wp-block-stackable-button stk-block-button stk-block stk-84c00ef\" data-block-id=\"84c00ef\"><style>.stk-84c00ef , .stk-84c00ef .stk-button{width:100% !important;}.stk-84c00ef {flex:1 0 var(--stk-button-group-flex-wrap, 0) !important;}.stk-84c00ef .stk-button{min-height:43px !important;padding-top:6px !important;padding-right:0px !important;padding-bottom:6px !important;padding-left:0px !important;}<\/style><a class=\"stk-link stk-button\" href=\"https:\/\/pos.uea.edu.br\/data\/area\/autoavaliacao\/download\/18-1.pdf\" target=\"_blank\" rel=\"noreferrer noopener\"><span class=\"stk-button__inner-text\"><strong>SLIDES DO SEMIN\u00c1RIO<\/strong><\/span><\/a><\/div>\n<\/div><\/div>\n<\/div><\/div><\/div>\n<\/div><\/div>\n\n\n\n<div class=\"wp-block-stackable-divider stk-block-divider stk-block stk-278182b\" data-block-id=\"278182b\"><style>.stk-278182b hr.stk-block-divider__hr{width:100% !important;}.stk-278182b {margin-bottom:0px !important;}<\/style><hr class=\"stk-block-divider__hr\"\/><\/div>\n\n\n\n<details class=\"wp-block-stackable-accordion stk-block-accordion stk-inner-blocks stk-block-content stk-block stk-ff5f2ef is-style-default\" data-block-id=\"ff5f2ef\"><style>.stk-ff5f2ef {margin-bottom:0px !important;}<\/style>\n<summary class=\"wp-block-stackable-column stk-block-column stk-column stk-block stk-897eeaa stk--container-small stk-block-accordion__heading\" data-v=\"4\" data-block-id=\"897eeaa\"><div class=\"stk-column-wrapper stk-block-column__content stk-container stk-897eeaa-container stk-hover-parent\"><div class=\"stk-block-content stk-inner-blocks stk-897eeaa-inner-blocks\">\n<div class=\"wp-block-stackable-icon-label stk-block-icon-label stk-block stk-3973707\" data-block-id=\"3973707\"><div class=\"stk-row stk-inner-blocks stk-block-content\">\n<div class=\"wp-block-stackable-heading stk-block-heading stk-block-heading--v2 stk-block stk-747d838\" id=\"relatorios-dos-grupos-de-trabalho-da-capes\" data-block-id=\"747d838\"><h4 class=\"stk-block-heading__text\">RELAT\u00d3RIOS DOS GRUPOS DE TRABALHO DA CAPES<\/h4><\/div>\n\n\n\n<div class=\"wp-block-stackable-icon stk-block-icon stk-block stk-7f55691\" data-block-id=\"7f55691\"><span class=\"stk--svg-wrapper\"><div class=\"stk--inner-svg\"><svg style=\"height:0;width:0\"><defs><linearGradient id=\"linear-gradient-7f55691\" x1=\"0\" x2=\"100%\" y1=\"0\" y2=\"0\"><stop offset=\"0%\" style=\"stop-opacity:1;stop-color:var(--linear-gradient-7-f-55691-color-1)\"><\/stop><stop offset=\"100%\" style=\"stop-opacity:1;stop-color:var(--linear-gradient-7-f-55691-color-2)\"><\/stop><\/linearGradient><\/defs><\/svg><svg data-prefix=\"fas\" data-icon=\"chevron-down\" class=\"svg-inline--fa fa-chevron-down fa-w-14\" xmlns=\"http:\/\/www.w3.org\/2000\/svg\" viewBox=\"0 0 448 512\" aria-hidden=\"true\" width=\"32\" height=\"32\"><path fill=\"currentColor\" d=\"M207.029 381.476L12.686 187.132c-9.373-9.373-9.373-24.569 0-33.941l22.667-22.667c9.357-9.357 24.522-9.375 33.901-.04L224 284.505l154.745-154.021c9.379-9.335 24.544-9.317 33.901.04l22.667 22.667c9.373 9.373 9.373 24.569 0 33.941L240.971 381.476c-9.373 9.372-24.569 9.372-33.942 0z\"><\/path><\/svg><\/div><\/span><\/div>\n<\/div><\/div>\n<\/div><\/div><\/summary>\n\n\n\n<div class=\"wp-block-stackable-column stk-block-column stk-column stk-block stk-b9b7ff8 stk-block-accordion__content\" data-v=\"4\" data-block-id=\"b9b7ff8\"><div class=\"stk-column-wrapper stk-block-column__content stk-container stk-b9b7ff8-container stk--no-background stk--no-padding\"><div class=\"stk-block-content stk-inner-blocks stk-b9b7ff8-inner-blocks\">\n<div class=\"wp-block-file\"><a id=\"wp-block-file--media-8b73fd91-1245-4da1-9c76-0069b7c77e10\" href=\"http:\/\/posgraduacao.uea.edu.br\/segurancapublica\/wp-content\/uploads\/2025\/07\/17-1.pdf\" target=\"_blank\" rel=\"noreferrer noopener\">1. GT_FICHA DE AVALIA\u00c7\u00c3O<\/a><\/div>\n\n\n\n<div class=\"wp-block-file\"><a id=\"wp-block-file--media-5bdac05d-7bb6-4447-9c1e-5c341ef3ab2e\" href=\"http:\/\/posgraduacao.uea.edu.br\/segurancapublica\/wp-content\/uploads\/2025\/07\/17-2-1.pdf\" target=\"_blank\" rel=\"noreferrer noopener\">2. GT_AUTOAVALIA\u00c7\u00c3O DE PROGRAMAS DE P\u00d3S-GRADUA\u00c7\u00c3O<\/a><\/div>\n\n\n<\/div><\/div><\/div>\n<\/details>\n\n\n\n<div class=\"wp-block-stackable-divider stk-block-divider stk-block stk-eeb4ff5\" data-block-id=\"eeb4ff5\"><style>.stk-eeb4ff5 hr.stk-block-divider__hr{width:100% !important;}<\/style><hr class=\"stk-block-divider__hr\"\/><\/div>\n\n\n\n<div class=\"wp-block-stackable-heading stk-block-heading stk-block-heading--v2 stk-block stk-b72970e\" id=\"questionarios-de-autoavaliacao\" data-block-id=\"b72970e\"><h2 class=\"stk-block-heading__text\">QUESTION\u00c1RIOS DE AUTOAVALIA\u00c7\u00c3O<\/h2><\/div>\n\n\n\n<div class=\"wp-block-stackable-text stk-block-text stk-block stk-d19677f\" data-block-id=\"d19677f\"><style>.stk-d19677f {margin-bottom:14px !important;}<\/style><p class=\"stk-block-text__text has-text-align-left\"><\/p><\/div>\n\n\n\n<div class=\"wp-block-stackable-columns stk-block-columns stk-block stk-1907657\" data-block-id=\"1907657\"><div class=\"stk-row stk-inner-blocks stk-block-content stk-content-align stk-1907657-column\">\n<div class=\"wp-block-stackable-column stk-block-column stk-column stk-block stk-c8723dd\" data-v=\"4\" data-block-id=\"c8723dd\"><div class=\"stk-column-wrapper stk-block-column__content stk-container stk-c8723dd-container stk--no-background stk--no-padding\"><div class=\"stk-block-content stk-inner-blocks stk-c8723dd-inner-blocks\">\n<figure class=\"wp-block-image size-full\"><img loading=\"lazy\" decoding=\"async\" width=\"554\" height=\"562\" src=\"http:\/\/posgraduacao.uea.edu.br\/segurancapublica\/wp-content\/uploads\/2025\/05\/40474-1.png\" alt=\"\" class=\"wp-image-1385\" srcset=\"https:\/\/posgraduacao.uea.edu.br\/segurancapublica\/wp-content\/uploads\/2025\/05\/40474-1.png 554w, https:\/\/posgraduacao.uea.edu.br\/segurancapublica\/wp-content\/uploads\/2025\/05\/40474-1-296x300.png 296w\" sizes=\"auto, (max-width: 554px) 100vw, 554px\" \/><\/figure>\n<\/div><\/div><\/div>\n\n\n\n<div class=\"wp-block-stackable-column stk-block-column stk-column stk-block stk-0e39e20\" data-v=\"4\" data-block-id=\"0e39e20\"><div class=\"stk-column-wrapper stk-block-column__content stk-container stk-0e39e20-container stk--no-background stk--no-padding\"><div class=\"stk-block-content stk-inner-blocks stk-0e39e20-inner-blocks\">\n<p class=\"has-medium-font-size\"><strong>PORQUE DEVEMOS NOS AUTOAVALIAR?<\/strong><\/p>\n\n\n\n<p>Seguindo as diretrizes da CAPES, que estabeleceu a Autoavalia\u00e7\u00e3o dos programas de p\u00f3s-gradua\u00e7\u00e3o como uma estrat\u00e9gia de aprimoramento do ensino de n\u00edvel stricto sensu, o Programa de P\u00f3s-Gradua\u00e7\u00e3o Interdisciplinar em Seguran\u00e7a P\u00fablica, Cidadania e Direitos Humanos (PPGSP) solicita a colabora\u00e7\u00e3o de todas a comunidade do Programa para preenchimento do question\u00e1rio abaixo.<\/p>\n\n\n\n<p>O prop\u00f3sito deste instrumento \u00e9 angariar informa\u00e7\u00f5es que dar\u00e3o subs\u00eddios \u00e0 constru\u00e7\u00e3o do diagn\u00f3stico do PPGSP, bem como preencher adequadamente a Plataforma Sucupira para a Avalia\u00e7\u00e3o Quadrienal 2021-2024 (Quadrienal 2025).<\/p>\n\n\n\n<p>Destacamos ainda que este instrumento de pesquisa dialoga com os quesitos exigidos na Ficha de Avalia\u00e7\u00e3o da \u00c1rea 45 &#8211; Interdisciplinar da CAPES (2019) e com o Relat\u00f3rio de Avalia\u00e7\u00e3o 2017-2020 (Quadrienal 2021) da \u00c1rea 45 -Interdisciplinar.<\/p>\n\n\n\n<p>Contamos com a sua participa\u00e7\u00e3o!<\/p>\n\n\n\n<p><strong><em>Comiss\u00e3o de Autoavalia\u00e7\u00e3o.<\/em><\/strong><\/p>\n<\/div><\/div><\/div>\n<\/div><\/div>\n\n\n\n<div class=\"wp-block-stackable-spacer stk-block-spacer stk--no-padding stk-block stk-bf33017\" data-block-id=\"bf33017\"><style>.stk-bf33017 {height:130px !important;}@media screen and (max-width:999px){.stk-bf33017 {height:70px !important;}}<\/style><\/div>\n\n\n\n<div class=\"wp-block-stackable-columns alignfull stk-block-columns stk-block stk-80ce3af stk-block-background stk--has-background-overlay\" data-block-id=\"80ce3af\"><style>.stk-80ce3af {background-color:linear-gradient(180deg, #ffffff 50%, var(--theme-palette-color-4, #102136) 50%) !important;margin-bottom:0px !important;}.stk-80ce3af:before{background-image:linear-gradient(180deg, #ffffff 50%, var(--theme-palette-color-4, #102136) 50%) !important;}<\/style><div class=\"stk-row stk-inner-blocks stk-block-content stk-content-align stk-80ce3af-column\">\n<div class=\"wp-block-stackable-column stk-block-column stk-column stk-block stk-6ddbaf2 stk-block-background stk--has-background-overlay\" data-v=\"4\" data-block-id=\"6ddbaf2\"><style>.stk-6ddbaf2-container{margin-top:0px !important;margin-right:0px !important;margin-bottom:0px !important;margin-left:0px !important;}.stk-6ddbaf2 {background-image:url(http:\/\/posgraduacao.uea.edu.br\/segurancapublica\/wp-content\/uploads\/2025\/05\/Imagem-do-WhatsApp-de-2025-05-16-as-14.43.09_64eb4b91-scaled.jpg) !important;border-top-left-radius:10px !important;border-top-right-radius:10px !important;border-bottom-right-radius:10px !important;border-bottom-left-radius:10px !important;overflow:hidden !important;}.stk-6ddbaf2:before{background-color:#000000 !important;opacity:0.5 !important;}@media screen and (max-width:999px){.stk-6ddbaf2 {padding-top:80px !important;padding-right:150px !important;padding-bottom:80px !important;padding-left:150px !important;}}@media screen and (max-width:689px){.stk-6ddbaf2 {padding-top:60px !important;padding-right:50px !important;padding-bottom:60px !important;padding-left:50px !important;}}<\/style><div class=\"stk-column-wrapper stk-block-column__content stk-container stk-6ddbaf2-container stk--no-background stk--no-padding\"><div class=\"has-text-align-center stk-block-content stk-inner-blocks stk-6ddbaf2-inner-blocks\">\n<div class=\"wp-block-stackable-heading stk-block-heading stk-block-heading--v2 stk-block stk-8054442\" id=\"programa-de-pos-graduacao-em-seguranca-publica-cidadania-e-direitos-humanos\" data-block-id=\"8054442\"><style>.stk-8054442 {margin-bottom:10px !important;}.stk-8054442 .stk-block-heading__text{color:var(--theme-palette-color-8, #ffffff) !important;font-weight:800 !important;}@media screen and (max-width:689px){.stk-8054442 .stk-block-heading__text{font-size:25px !important;}}<\/style><h2 class=\"stk-block-heading__text has-text-color stk-block-heading--use-theme-margins\">Programa de P\u00f3s-Gradua\u00e7\u00e3o em Seguran\u00e7a P\u00fablica, Cidadania e Direitos Humanos<\/h2><\/div>\n\n\n\n<div class=\"wp-block-stackable-text stk-block-text stk-block stk-0ef7198\" data-block-id=\"0ef7198\"><style>.stk-0ef7198 .stk-block-text__text{color:#ffffff !important;}<\/style><p class=\"stk-block-text__text has-text-color\">Vinculado \u00e0 Escola Superior de Ci\u00eancias Sociais &#8211; ESO<\/p><\/div>\n\n\n\n<div class=\"wp-block-stackable-button-group stk-block-button-group stk-block stk-cc4a772\" data-block-id=\"cc4a772\"><div class=\"stk-row stk-inner-blocks stk-block-content stk-button-group\">\n<div class=\"wp-block-stackable-button stk-block-button stk-block stk-f63b751\" data-block-id=\"f63b751\"><style>.stk-f63b751 .stk-button{padding-top:12px !important;padding-right:30px !important;padding-bottom:12px !important;padding-left:30px !important;}<\/style><a class=\"stk-link stk-button stk--hover-effect-darken\" href=\"https:\/\/posgraduacao.uea.edu.br\/segurancapublica\/index.php\/contato\/\"><span class=\"stk-button__inner-text\">Fale Conosco<\/span><\/a><\/div>\n<\/div><\/div>\n<\/div><\/div><\/div>\n<\/div><\/div>\n","protected":false},"excerpt":{"rendered":"<p>Autoavalia\u00e7\u00e3o SEMIN\u00c1RIO DE AUTOAVALIA\u00c7\u00c3O &#8211; 2024 O Semin\u00e1rio de Autoavalia\u00e7\u00e3o \u00e9 fundamental para os Programas de P\u00f3s-Gradua\u00e7\u00e3o (PPGs) porque proporciona um espa\u00e7o de reflex\u00e3o cr\u00edtica e coletiva sobre o desempenho, as pr\u00e1ticas acad\u00eamicas e os resultados obtidos ao longo do tempo. O PPGSP realizou o seu 1\u00ba Semin\u00e1rio de AA em 12\/12\/2024 e contou com [&hellip;]<\/p>\n","protected":false},"author":1,"featured_media":0,"parent":0,"menu_order":0,"comment_status":"closed","ping_status":"closed","template":"","meta":{"footnotes":""},"class_list":["post-1074","page","type-page","status-publish","hentry"],"blocksy_meta":{"page_title_panel":"","has_hero_section":"disabled","fe1c64ab89945cda534f4bb2d579ae1a":"","hero_section":"type-1","hero_elements":[{"id":"custom_title","enabled":true,"heading_tag":"h1","title":"Home"},{"id":"custom_description","enabled":true,"description_visibility":{"desktop":true,"tablet":true,"mobile":false}},{"id":"custom_meta","enabled":false,"meta_elements":[{"id":"author","enabled":true,"label":"By","has_author_avatar":"yes","avatar_size":25},{"id":"post_date","enabled":true,"label":"On","date_format_source":"default","date_format":"M j, Y"},{"id":"updated_date","enabled":false,"label":"On","date_format_source":"default","date_format":"M j, Y"},{"id":"categories","enabled":false,"label":"In","style":"simple"},{"id":"comments","enabled":true}],"page_meta_elements":{"joined":true,"articles_count":true,"comments":true}},{"id":"breadcrumbs","enabled":false}],"433b02732bec8d55ec282f00a9a700eb":"","hero_alignment1":"CT_CSS_SKIP_RULE","hero_margin":40,"hero_alignment2":"center","hero_vertical_alignment":"center","fdbb34d69d6afe2394c07d96c9ea0b60":"","hero_structure":"narrow","cb306aece5e91b9a44875e4a81075440":"","page_title_bg_type":"featured_image","custom_hero_background":{"attachment_id":null},"page_title_image_size":"full","parallax":{"desktop":false,"tablet":false,"mobile":false},"034bc954f3c533bc75ffdf62670c8395":"","hero_height":"250px","pageTitleFont":{"family":"Default","variation":"Default","size":"30px","line-height":"CT_CSS_SKIP_RULE","letter-spacing":"CT_CSS_SKIP_RULE","text-transform":"CT_CSS_SKIP_RULE","text-decoration":"CT_CSS_SKIP_RULE"},"pageTitleFontColor":{"default":{"color":"CT_CSS_SKIP_RULEDEFAULT"}},"pageMetaFont":{"family":"Default","variation":"n6","size":"12px","line-height":"1.3","letter-spacing":"CT_CSS_SKIP_RULE","text-transform":"uppercase","text-decoration":"CT_CSS_SKIP_RULE"},"pageMetaFontColor":{"default":{"color":"CT_CSS_SKIP_RULEDEFAULT"},"hover":{"color":"CT_CSS_SKIP_RULEDEFAULT"}},"page_meta_button_type_font_colors":{"default":{"color":"CT_CSS_SKIP_RULEDEFAULT"},"hover":{"color":"CT_CSS_SKIP_RULEDEFAULT"}},"page_meta_button_type_background_colors":{"default":{"color":"CT_CSS_SKIP_RULEDEFAULT"},"hover":{"color":"CT_CSS_SKIP_RULEDEFAULT"}},"pageExcerptFont":{"family":"Default","variation":"Default","size":"CT_CSS_SKIP_RULE","line-height":"CT_CSS_SKIP_RULE","letter-spacing":"CT_CSS_SKIP_RULE","text-transform":"CT_CSS_SKIP_RULE","text-decoration":"CT_CSS_SKIP_RULE"},"pageExcerptColor":{"default":{"color":"CT_CSS_SKIP_RULEDEFAULT"}},"breadcrumbsFont":{"family":"Default","variation":"Default","size":"CT_CSS_SKIP_RULE","line-height":"CT_CSS_SKIP_RULE","letter-spacing":"CT_CSS_SKIP_RULE","text-transform":"CT_CSS_SKIP_RULE","text-decoration":"CT_CSS_SKIP_RULE"},"breadcrumbsFontColor":{"default":{"color":"CT_CSS_SKIP_RULEDEFAULT"},"initial":{"color":"CT_CSS_SKIP_RULEDEFAULT"},"hover":{"color":"CT_CSS_SKIP_RULEDEFAULT"}},"pageTitleOverlay":{"background_type":"color","background_pattern":"type-1","background_image":{"attachment_id":null,"x":0,"y":0},"gradient":"linear-gradient(135deg,rgba(6,147,227,1) 0%,rgb(155,81,224) 100%)","background_repeat":"repeat","background_size":"auto","background_attachment":"scroll","patternColor":{"default":{"color":"#e5e7ea"}},"overlayColor":{"default":{"color":"CT_CSS_SKIP_RULE"}},"backgroundColor":{"default":{"color":"CT_CSS_SKIP_RULE"}}},"pageTitleBackground":{"background_type":"color","background_pattern":"type-1","background_image":{"attachment_id":null,"x":0,"y":0},"gradient":"linear-gradient(135deg,rgba(6,147,227,1) 0%,rgb(155,81,224) 100%)","background_repeat":"repeat","background_size":"auto","background_attachment":"scroll","patternColor":{"default":{"color":"#e5e7ea"}},"overlayColor":{"default":{"color":"CT_CSS_SKIP_RULE"}},"backgroundColor":{"default":{"color":"var(--theme-palette-color-6)"}}},"pageTitlePadding":{"top":"50px","bottom":"50px","left":"auto","right":"auto","linked":true},"12e455f30de1d15aed0effbbb6f951bf":"","page_structure_type":"default","f474d2f3ad69b4e64f52dac0a3aa2bb2":"","content_style_source":"inherit","content_style":"wide","vertical_spacing_source":"custom","content_area_spacing":"none","background":{"background_type":"color","background_pattern":"type-1","background_image":{"attachment_id":null,"x":0,"y":0},"gradient":"linear-gradient(135deg,rgba(6,147,227,1) 0%,rgb(155,81,224) 100%)","background_repeat":"repeat","background_size":"auto","background_attachment":"scroll","patternColor":{"default":{"color":"#e5e7ea"}},"overlayColor":{"default":{"color":"CT_CSS_SKIP_RULE"}},"backgroundColor":{"default":{"color":"CT_CSS_SKIP_RULE"}}},"content_background":{"background_type":"color","background_pattern":"type-1","background_image":{"attachment_id":null,"x":0,"y":0},"gradient":"linear-gradient(135deg,rgba(6,147,227,1) 0%,rgb(155,81,224) 100%)","background_repeat":"repeat","background_size":"auto","background_attachment":"scroll","patternColor":{"default":{"color":"#e5e7ea"}},"overlayColor":{"default":{"color":"CT_CSS_SKIP_RULE"}},"backgroundColor":{"default":{"color":"var(--theme-palette-color-8)"}}},"content_boxed_shadow":{"inherit":false,"blur":18,"spread":-6,"v_offset":12,"h_offset":0,"inset":false,"enable":true,"color":{"color":"rgba(34, 56, 101, 0.04)"}},"content_boxed_border":{"width":1,"style":"none","color":{"color":"rgba(44,62,80,0.2)"}},"content_boxed_radius":{"top":"3px","bottom":"3px","left":"3px","right":"3px","linked":true},"boxed_content_spacing":{"desktop":{"top":"40px","bottom":"40px","left":"40px","right":"40px","linked":true},"tablet":{"top":"35px","bottom":"35px","left":"35px","right":"35px","linked":true},"mobile":{"top":"20px","bottom":"20px","left":"20px","right":"20px","linked":true}},"fca9f1d1c7aa58a4b21dd78357f6373e":"","disable_featured_image":"no","disable_share_box":"no","disable_header":"no","disable_footer":"no","styles_descriptor":{"styles":{"desktop":"","tablet":"","mobile":""},"google_fonts":[],"version":6}},"_links":{"self":[{"href":"https:\/\/posgraduacao.uea.edu.br\/segurancapublica\/index.php\/wp-json\/wp\/v2\/pages\/1074","targetHints":{"allow":["GET"]}}],"collection":[{"href":"https:\/\/posgraduacao.uea.edu.br\/segurancapublica\/index.php\/wp-json\/wp\/v2\/pages"}],"about":[{"href":"https:\/\/posgraduacao.uea.edu.br\/segurancapublica\/index.php\/wp-json\/wp\/v2\/types\/page"}],"author":[{"embeddable":true,"href":"https:\/\/posgraduacao.uea.edu.br\/segurancapublica\/index.php\/wp-json\/wp\/v2\/users\/1"}],"replies":[{"embeddable":true,"href":"https:\/\/posgraduacao.uea.edu.br\/segurancapublica\/index.php\/wp-json\/wp\/v2\/comments?post=1074"}],"version-history":[{"count":13,"href":"https:\/\/posgraduacao.uea.edu.br\/segurancapublica\/index.php\/wp-json\/wp\/v2\/pages\/1074\/revisions"}],"predecessor-version":[{"id":1773,"href":"https:\/\/posgraduacao.uea.edu.br\/segurancapublica\/index.php\/wp-json\/wp\/v2\/pages\/1074\/revisions\/1773"}],"wp:attachment":[{"href":"https:\/\/posgraduacao.uea.edu.br\/segurancapublica\/index.php\/wp-json\/wp\/v2\/media?parent=1074"}],"curies":[{"name":"wp","href":"https:\/\/api.w.org\/{rel}","templated":true}]}}